{"id":144,"date":"2020-04-14T20:07:55","date_gmt":"2020-04-14T20:07:55","guid":{"rendered":"http:\/\/2kanzleien.at\/?page_id=144"},"modified":"2021-02-18T11:37:20","modified_gmt":"2021-02-18T11:37:20","slug":"team","status":"publish","type":"page","link":"http:\/\/2kanzleien.at\/?page_id=144","title":{"rendered":"TEAM"},"content":{"rendered":"\t\t<div data-elementor-type=\"wp-page\" data-elementor-id=\"144\" class=\"elementor elementor-144\" data-elementor-settings=\"[]\">\n\t\t\t\t\t\t<div class=\"elementor-inner\">\n\t\t\t\t\t\t\t<div class=\"elementor-section-wrap\">\n\t\t\t\t\t\t\t<section class=\"elementor-section elementor-top-section elementor-element elementor-element-f9b7e94 elementor-section-boxed elementor-section-height-default elementor-section-height-default\" data-id=\"f9b7e94\" data-element_type=\"section\">\n\t\t\t\t\t\t<div class=\"elementor-container elementor-column-gap-default\">\n\t\t\t\t\t\t\t<div class=\"elementor-row\">\n\t\t\t\t\t<div class=\"elementor-column elementor-col-50 elementor-top-column elementor-element elementor-element-dde88a9\" data-id=\"dde88a9\" data-element_type=\"column\">\n\t\t\t<div class=\"elementor-column-wrap elementor-element-populated\">\n\t\t\t\t\t\t\t<div class=\"elementor-widget-wrap\">\n\t\t\t\t\t\t<div class=\"elementor-element elementor-element-bd31553 elementor-widget elementor-widget-image\" data-id=\"bd31553\" data-element_type=\"widget\" data-widget_type=\"image.default\">\n\t\t\t\t<div class=\"elementor-widget-container\">\n\t\t\t\t\t<div class=\"elementor-image\">\n\t\t\t\t\t\t\t\t\t\t<img width=\"1534\" height=\"1536\" src=\"http:\/\/2kanzleien.at\/wp-content\/uploads\/2020\/04\/DSC_7170-scaled-e1591777318901-1534x1536.jpg\" class=\"attachment-1536x1536 size-1536x1536\" alt=\"\" loading=\"lazy\" srcset=\"http:\/\/2kanzleien.at\/wp-content\/uploads\/2020\/04\/DSC_7170-scaled-e1591777318901-1534x1536.jpg 1534w, http:\/\/2kanzleien.at\/wp-content\/uploads\/2020\/04\/DSC_7170-scaled-e1591777318901-300x300.jpg 300w, http:\/\/2kanzleien.at\/wp-content\/uploads\/2020\/04\/DSC_7170-scaled-e1591777318901-1024x1024.jpg 1024w, http:\/\/2kanzleien.at\/wp-content\/uploads\/2020\/04\/DSC_7170-scaled-e1591777318901-150x150.jpg 150w, http:\/\/2kanzleien.at\/wp-content\/uploads\/2020\/04\/DSC_7170-scaled-e1591777318901-768x769.jpg 768w, http:\/\/2kanzleien.at\/wp-content\/uploads\/2020\/04\/DSC_7170-scaled-e1591777318901.jpg 1738w\" sizes=\"(max-width: 1534px) 100vw, 1534px\" \/>\t\t\t\t\t\t\t\t\t\t\t<\/div>\n\t\t\t\t<\/div>\n\t\t\t\t<\/div>\n\t\t\t\t\t\t<\/div>\n\t\t\t\t\t<\/div>\n\t\t<\/div>\n\t\t\t\t<div class=\"elementor-column elementor-col-50 elementor-top-column elementor-element elementor-element-fb4243b\" data-id=\"fb4243b\" data-element_type=\"column\">\n\t\t\t<div class=\"elementor-column-wrap elementor-element-populated\">\n\t\t\t\t\t\t\t<div class=\"elementor-widget-wrap\">\n\t\t\t\t\t\t<div class=\"elementor-element elementor-element-608b5bb elementor-widget elementor-widget-text-editor\" data-id=\"608b5bb\" data-element_type=\"widget\" data-widget_type=\"text-editor.default\">\n\t\t\t\t<div class=\"elementor-widget-container\">\n\t\t\t\t\t<div class=\"elementor-text-editor elementor-clearfix\"><p>Mag. Erika&nbsp;<span style=\"font-size: 2rem;\">Bernhard-Weindl<\/span><\/p><\/div>\n\t\t\t\t<\/div>\n\t\t\t\t<\/div>\n\t\t\t\t<div class=\"elementor-element elementor-element-1633f06 elementor-widget elementor-widget-text-editor\" data-id=\"1633f06\" data-element_type=\"widget\" data-widget_type=\"text-editor.default\">\n\t\t\t\t<div class=\"elementor-widget-container\">\n\t\t\t\t\t<div class=\"elementor-text-editor elementor-clearfix\"><p>Ausbildung\/Berufserfahrung:<\/p><ul><li>Studium der Wirtschaftsp\u00e4dagogik an der Wirtschaftsuniversit\u00e4t Wien<\/li><li>Berufsanw\u00e4rterin, Steuersachbearbeiterin in einer Steuerberatungs- und Wirtschaftspr\u00fcfungskanzlei<\/li><li>Seit 2001 als Bilanzbuchhalterin t\u00e4tig<\/li><\/ul><\/div>\n\t\t\t\t<\/div>\n\t\t\t\t<\/div>\n\t\t\t\t<div class=\"elementor-element elementor-element-40baf17 elementor-widget elementor-widget-text-editor\" data-id=\"40baf17\" data-element_type=\"widget\" data-widget_type=\"text-editor.default\">\n\t\t\t\t<div class=\"elementor-widget-container\">\n\t\t\t\t\t<div class=\"elementor-text-editor elementor-clearfix\"><p><a href=\"mailto:erika.bernhard@2kanzleien.at\">erika.bernhard@2kanzleien.at<\/a><\/p><\/div>\n\t\t\t\t<\/div>\n\t\t\t\t<\/div>\n\t\t\t\t\t\t<\/div>\n\t\t\t\t\t<\/div>\n\t\t<\/div>\n\t\t\t\t\t\t\t\t<\/div>\n\t\t\t\t\t<\/div>\n\t\t<\/section>\n\t\t\t\t<section class=\"elementor-section elementor-top-section elementor-element elementor-element-99818ea elementor-section-boxed elementor-section-height-default elementor-section-height-default\" data-id=\"99818ea\" data-element_type=\"section\">\n\t\t\t\t\t\t<div class=\"elementor-container elementor-column-gap-default\">\n\t\t\t\t\t\t\t<div class=\"elementor-row\">\n\t\t\t\t\t<div class=\"elementor-column elementor-col-100 elementor-top-column elementor-element elementor-element-ea89ea0\" data-id=\"ea89ea0\" data-element_type=\"column\">\n\t\t\t<div class=\"elementor-column-wrap elementor-element-populated\">\n\t\t\t\t\t\t\t<div class=\"elementor-widget-wrap\">\n\t\t\t\t\t\t<div class=\"elementor-element elementor-element-110e40c elementor-widget elementor-widget-spacer\" data-id=\"110e40c\" data-element_type=\"widget\" data-widget_type=\"spacer.default\">\n\t\t\t\t<div class=\"elementor-widget-container\">\n\t\t\t\t\t<div class=\"elementor-spacer\">\n\t\t\t<div class=\"elementor-spacer-inner\"><\/div>\n\t\t<\/div>\n\t\t\t\t<\/div>\n\t\t\t\t<\/div>\n\t\t\t\t\t\t<\/div>\n\t\t\t\t\t<\/div>\n\t\t<\/div>\n\t\t\t\t\t\t\t\t<\/div>\n\t\t\t\t\t<\/div>\n\t\t<\/section>\n\t\t\t\t<section class=\"elementor-section elementor-top-section elementor-element elementor-element-bafef09 elementor-section-boxed elementor-section-height-default elementor-section-height-default\" data-id=\"bafef09\" data-element_type=\"section\">\n\t\t\t\t\t\t<div class=\"elementor-container elementor-column-gap-default\">\n\t\t\t\t\t\t\t<div class=\"elementor-row\">\n\t\t\t\t\t<div class=\"elementor-column elementor-col-50 elementor-top-column elementor-element elementor-element-3a854d9\" data-id=\"3a854d9\" data-element_type=\"column\">\n\t\t\t<div class=\"elementor-column-wrap elementor-element-populated\">\n\t\t\t\t\t\t\t<div class=\"elementor-widget-wrap\">\n\t\t\t\t\t\t<div class=\"elementor-element elementor-element-213ba2c elementor-widget elementor-widget-image\" data-id=\"213ba2c\" data-element_type=\"widget\" data-widget_type=\"image.default\">\n\t\t\t\t<div class=\"elementor-widget-container\">\n\t\t\t\t\t<div class=\"elementor-image\">\n\t\t\t\t\t\t\t\t\t\t<img width=\"790\" height=\"790\" src=\"http:\/\/2kanzleien.at\/wp-content\/uploads\/2020\/04\/DSC_7154-scaled-e1591732880370-1024x1024.jpg\" class=\"attachment-large size-large\" alt=\"\" loading=\"lazy\" srcset=\"http:\/\/2kanzleien.at\/wp-content\/uploads\/2020\/04\/DSC_7154-scaled-e1591732880370-1024x1024.jpg 1024w, http:\/\/2kanzleien.at\/wp-content\/uploads\/2020\/04\/DSC_7154-scaled-e1591732880370-300x300.jpg 300w, http:\/\/2kanzleien.at\/wp-content\/uploads\/2020\/04\/DSC_7154-scaled-e1591732880370-150x150.jpg 150w, http:\/\/2kanzleien.at\/wp-content\/uploads\/2020\/04\/DSC_7154-scaled-e1591732880370-768x768.jpg 768w, http:\/\/2kanzleien.at\/wp-content\/uploads\/2020\/04\/DSC_7154-scaled-e1591732880370-1536x1536.jpg 1536w, http:\/\/2kanzleien.at\/wp-content\/uploads\/2020\/04\/DSC_7154-scaled-e1591732880370.jpg 1715w\" sizes=\"(max-width: 790px) 100vw, 790px\" \/>\t\t\t\t\t\t\t\t\t\t\t<\/div>\n\t\t\t\t<\/div>\n\t\t\t\t<\/div>\n\t\t\t\t\t\t<\/div>\n\t\t\t\t\t<\/div>\n\t\t<\/div>\n\t\t\t\t<div class=\"elementor-column elementor-col-50 elementor-top-column elementor-element elementor-element-791f2bf\" data-id=\"791f2bf\" data-element_type=\"column\">\n\t\t\t<div class=\"elementor-column-wrap elementor-element-populated\">\n\t\t\t\t\t\t\t<div class=\"elementor-widget-wrap\">\n\t\t\t\t\t\t<div class=\"elementor-element elementor-element-33d363a elementor-widget elementor-widget-text-editor\" data-id=\"33d363a\" data-element_type=\"widget\" data-widget_type=\"text-editor.default\">\n\t\t\t\t<div class=\"elementor-widget-container\">\n\t\t\t\t\t<div class=\"elementor-text-editor elementor-clearfix\"><p>Mag. Ernestine Janich-B\u00f6hm<\/p><\/div>\n\t\t\t\t<\/div>\n\t\t\t\t<\/div>\n\t\t\t\t<div class=\"elementor-element elementor-element-7933682 elementor-widget elementor-widget-text-editor\" data-id=\"7933682\" data-element_type=\"widget\" data-widget_type=\"text-editor.default\">\n\t\t\t\t<div class=\"elementor-widget-container\">\n\t\t\t\t\t<div class=\"elementor-text-editor elementor-clearfix\"><p>Ausbildung\/Berufserfahrung:<\/p>\n<ul>\n<li>Steuerberaterin<\/li>\n<li>Studium der Betriebswirtschaft an der Wirtschaftsuniversit\u00e4t Wien<\/li>\n<li>Als Berufsanw\u00e4rterin in einer gro\u00dfen international t\u00e4tigen, sowie in einer kleinen Steuerberatungs- und Wirtschaftspr\u00fcfungskanzlei t\u00e4tig<\/li>\n<li>Seit 2015 selbstst\u00e4ndige Steuerberaterin<\/li>\n<\/ul><\/div>\n\t\t\t\t<\/div>\n\t\t\t\t<\/div>\n\t\t\t\t<div class=\"elementor-element elementor-element-e9faad4 elementor-widget elementor-widget-text-editor\" data-id=\"e9faad4\" data-element_type=\"widget\" data-widget_type=\"text-editor.default\">\n\t\t\t\t<div class=\"elementor-widget-container\">\n\t\t\t\t\t<div class=\"elementor-text-editor elementor-clearfix\"><p><a href=\"mailto:janich-boehm@2kanzleien.at\">janich-boehm@2kanzleien.at<\/a><\/p><p>\u00a0<\/p><\/div>\n\t\t\t\t<\/div>\n\t\t\t\t<\/div>\n\t\t\t\t\t\t<\/div>\n\t\t\t\t\t<\/div>\n\t\t<\/div>\n\t\t\t\t\t\t\t\t<\/div>\n\t\t\t\t\t<\/div>\n\t\t<\/section>\n\t\t\t\t<section class=\"elementor-section elementor-top-section elementor-element elementor-element-05a112f elementor-section-boxed elementor-section-height-default elementor-section-height-default\" data-id=\"05a112f\" data-element_type=\"section\">\n\t\t\t\t\t\t<div class=\"elementor-container elementor-column-gap-default\">\n\t\t\t\t\t\t\t<div class=\"elementor-row\">\n\t\t\t\t\t<div class=\"elementor-column elementor-col-100 elementor-top-column elementor-element elementor-element-918279f\" data-id=\"918279f\" data-element_type=\"column\">\n\t\t\t<div class=\"elementor-column-wrap elementor-element-populated\">\n\t\t\t\t\t\t\t<div class=\"elementor-widget-wrap\">\n\t\t\t\t\t\t<div class=\"elementor-element elementor-element-5fc78f9 elementor-widget elementor-widget-spacer\" data-id=\"5fc78f9\" data-element_type=\"widget\" data-widget_type=\"spacer.default\">\n\t\t\t\t<div class=\"elementor-widget-container\">\n\t\t\t\t\t<div class=\"elementor-spacer\">\n\t\t\t<div class=\"elementor-spacer-inner\"><\/div>\n\t\t<\/div>\n\t\t\t\t<\/div>\n\t\t\t\t<\/div>\n\t\t\t\t\t\t<\/div>\n\t\t\t\t\t<\/div>\n\t\t<\/div>\n\t\t\t\t\t\t\t\t<\/div>\n\t\t\t\t\t<\/div>\n\t\t<\/section>\n\t\t\t\t<section class=\"elementor-section elementor-top-section elementor-element elementor-element-188d9f1f elementor-section-content-middle elementor-section-stretched elementor-section-boxed elementor-section-height-default elementor-section-height-default\" data-id=\"188d9f1f\" data-element_type=\"section\" data-settings=\"{&quot;stretch_section&quot;:&quot;section-stretched&quot;,&quot;background_background&quot;:&quot;classic&quot;}\">\n\t\t\t\t\t\t<div class=\"elementor-container elementor-column-gap-no\">\n\t\t\t\t\t\t\t<div class=\"elementor-row\">\n\t\t\t\t\t<div class=\"elementor-column elementor-col-100 elementor-top-column elementor-element elementor-element-79ce474f\" data-id=\"79ce474f\" data-element_type=\"column\">\n\t\t\t<div class=\"elementor-column-wrap elementor-element-populated\">\n\t\t\t\t\t\t\t<div class=\"elementor-widget-wrap\">\n\t\t\t\t\t\t<div class=\"elementor-element elementor-element-4e4063ec elementor-widget elementor-widget-heading\" data-id=\"4e4063ec\" data-element_type=\"widget\" data-widget_type=\"heading.default\">\n\t\t\t\t<div class=\"elementor-widget-container\">\n\t\t\t<h4 class=\"elementor-heading-title elementor-size-default\">Kooperationspartner:<\/h4>\t\t<\/div>\n\t\t\t\t<\/div>\n\t\t\t\t<div class=\"elementor-element elementor-element-1766b09a elementor-widget elementor-widget-text-editor\" data-id=\"1766b09a\" data-element_type=\"widget\" data-widget_type=\"text-editor.default\">\n\t\t\t\t<div class=\"elementor-widget-container\">\n\t\t\t\t\t<div class=\"elementor-text-editor elementor-clearfix\"><p class=\"MsoNormal\" style=\"font-family: 'Open Sans', sans-serif;\"><span style=\"font-family: 'Open Sans', serif;\">VICA Steuerberatung KG<\/span><\/p><p class=\"MsoNormal\" style=\"font-family: 'Open Sans', sans-serif;\"><span style=\"font-family: 'Open Sans', serif;\">Mag. Christoph Weiss<\/span><\/p><p class=\"MsoNormal\" style=\"font-family: 'Open Sans', sans-serif;\"><span style=\"font-family: 'Open Sans', serif;\">mail:\u00a0<\/span><a href=\"mailto:weiss@vicsteuer.at\"><span style=\"font-family: 'Open Sans', serif;\">weiss@vicsteuer.at<\/span><\/a><\/p><p class=\"MsoNormal\" style=\"font-family: 'Open Sans', sans-serif;\"><span style=\"font-family: 'Open Sans', serif;\">internet:\u00a0<\/span><a href=\"http:\/\/www.vicsteuer.at\/\"><span style=\"font-family: 'Open Sans', serif;\">www.vicsteuer.at<\/span><\/a><\/p><\/div>\n\t\t\t\t<\/div>\n\t\t\t\t<\/div>\n\t\t\t\t\t\t<\/div>\n\t\t\t\t\t<\/div>\n\t\t<\/div>\n\t\t\t\t\t\t\t\t<\/div>\n\t\t\t\t\t<\/div>\n\t\t<\/section>\n\t\t\t\t\t\t<\/div>\n\t\t\t\t\t\t<\/div>\n\t\t\t\t\t<\/div>\n\t\t","protected":false},"excerpt":{"rendered":"<p>Mag. Erika&nbsp;Bernhard-Weindl Ausbildung\/Berufserfahrung: Studium der Wirtschaftsp\u00e4dagogik an der Wirtschaftsuniversit\u00e4t Wien Berufsanw\u00e4rterin, Steuersachbearbeiterin in einer Steuerberatungs- und Wirtschaftspr\u00fcfungskanzlei Seit 2001 als Bilanzbuchhalterin t\u00e4tig erika.bernhard@2kanzleien.at Mag. Ernestine Janich-B\u00f6hm Ausbildung\/Berufserfahrung: Steuerberaterin Studium der Betriebswirtschaft an der Wirtschaftsuniversit\u00e4t Wien Als Berufsanw\u00e4rterin in einer gro\u00dfen international t\u00e4tigen, sowie in einer kleinen Steuerberatungs- und Wirtschaftspr\u00fcfungskanzlei t\u00e4tig&#8230;<\/p>\n","protected":false},"author":1,"featured_media":0,"parent":0,"menu_order":0,"comment_status":"closed","ping_status":"closed","template":"","meta":[],"_links":{"self":[{"href":"http:\/\/2kanzleien.at\/index.php?rest_route=\/wp\/v2\/pages\/144"}],"collection":[{"href":"http:\/\/2kanzleien.at\/index.php?rest_route=\/wp\/v2\/pages"}],"about":[{"href":"http:\/\/2kanzleien.at\/index.php?rest_route=\/wp\/v2\/types\/page"}],"author":[{"embeddable":true,"href":"http:\/\/2kanzleien.at\/index.php?rest_route=\/wp\/v2\/users\/1"}],"replies":[{"embeddable":true,"href":"http:\/\/2kanzleien.at\/index.php?rest_route=%2Fwp%2Fv2%2Fcomments&post=144"}],"version-history":[{"count":24,"href":"http:\/\/2kanzleien.at\/index.php?rest_route=\/wp\/v2\/pages\/144\/revisions"}],"predecessor-version":[{"id":362,"href":"http:\/\/2kanzleien.at\/index.php?rest_route=\/wp\/v2\/pages\/144\/revisions\/362"}],"wp:attachment":[{"href":"http:\/\/2kanzleien.at\/index.php?rest_route=%2Fwp%2Fv2%2Fmedia&parent=144"}],"curies":[{"name":"wp","href":"https:\/\/api.w.org\/{rel}","templated":true}]}}